{"id":5022,"date":"2024-11-05T22:30:11","date_gmt":"2024-11-05T22:30:11","guid":{"rendered":"https:\/\/www.hautaerzte-hengge.de\/?page_id=5022"},"modified":"2024-11-05T22:56:00","modified_gmt":"2024-11-05T22:56:00","slug":"coming-soon","status":"publish","type":"page","link":"https:\/\/www.hautaerzte-hengge.de\/","title":{"rendered":"Coming Soon"},"content":{"rendered":"<div class=\"wpb-content-wrapper\"><p>[vc_row][vc_column][grcs_vc_hero_container][vc_row_inner][vc_column_inner][grcs_vc_animated_container enter_animation=&#8221;fadeInDown&#8221; animation_delay=&#8221;500&#8243;][vc_single_image image=&#8221;5019&#8243; img_size=&#8221;full&#8221; alignment=&#8221;center&#8221; css_animation=&#8221;none&#8221; css=&#8221;.vc_custom_1730843183877{margin-bottom: 2.3vmin !important;}&#8221; el_class=&#8221;logo&#8221; el_width=&#8221;27vmax&#8221; el_max_width=&#8221;29vmin&#8221;][\/grcs_vc_animated_container][grcs_vc_animated_container][grcs_vc_text_slider slides=&#8221;%5B%7B%22slide_text%22%3A%22HAUTAERZTE%3Cspan%3E-%3C%2Fspan%3EHENGGE%3Cbr%3EDERMATOLOGIE%22%7D%5D&#8221; disable_mouse_control=&#8221;yes&#8221; css=&#8221;.vc_custom_1730842601428{margin-bottom: 3.69em !important;}&#8221;][\/grcs_vc_animated_container][grcs_vc_animated_container][vc_column_text css=&#8221;.vc_custom_1730842233870{margin-bottom: 4.3em !important;}&#8221; el_class=&#8221;grcs_subline&#8221;]UNSERE WEBSITE BEFINDET SICH IM AUFBAU[\/vc_column_text][\/grcs_vc_animated_container][grcs_vc_animated_container][grcs_vc_open_overlay][\/grcs_vc_animated_container][\/vc_column_inner][\/vc_row_inner][\/grcs_vc_hero_container][grcs_vc_overlay_container bullet_nav=&#8221;yes&#8221; animation=&#8221;slide-from-bottom&#8221;][grcs_vc_overlay_section][vc_row_inner][vc_column_inner css=&#8221;.vc_custom_1486415771672{padding-top: 5vh !important;padding-bottom: 5vh !important;}&#8221;][vc_column_text css=&#8221;.vc_custom_1730846307137{margin-bottom: 2.3em !important;}&#8221;]<\/p>\n<h1>Herzlich Willkommen in unserer Hautpraxis<\/h1>\n<p>[\/vc_column_text][vc_column_text css=&#8221;.vc_custom_1730846337752{margin-bottom: 2.3em !important;}&#8221;]<\/p>\n<h1>Die Gesundheit Ihrer Haut<\/h1>\n<p>[\/vc_column_text][vc_column_text css=&#8221;.vc_custom_1730846396902{margin-bottom: 2.92em !important;}&#8221; el_width=&#8221;600px&#8221;]Herzlich willkommen in unserer modernen und bestens ausgestatteten Hautpraxis! Bei uns sind Sie richtig! Ihr Anliegen ist uns wichtig. Die Gesundheit Ihrer Haut und das Angebot von hochqualitativen medizinischen Leistungen im Rahmen einer vertrauensvollen Beziehung zwischen Arzt und Patient sind unsere h\u00f6chste Priorit\u00e4t![\/vc_column_text][grcs_vc_social_icons icons=&#8221;%5B%7B%22mode%22%3A%22url%22%2C%22icon%22%3A%22fab%20fa-facebook-f%22%2C%22icon_title%22%3A%22Facebook%22%2C%22icon_url%22%3A%22%23%22%7D%2C%7B%22mode%22%3A%22url%22%2C%22icon%22%3A%22fab%20fa-linkedin-in%22%2C%22icon_title%22%3A%22LinkedIn%22%2C%22icon_url%22%3A%22%23%22%7D%2C%7B%22mode%22%3A%22url%22%2C%22icon%22%3A%22fab%20fa-pinterest%22%2C%22icon_title%22%3A%22Pinterest%22%2C%22icon_url%22%3A%22%23%22%7D%2C%7B%22mode%22%3A%22button%22%2C%22icon%22%3A%22far%20fa-address-card%22%2C%22icon_title%22%3A%22Impressum%22%2C%22icon_url%22%3A%22%23%22%7D%5D&#8221;][\/vc_column_inner][\/vc_row_inner][\/grcs_vc_overlay_section][grcs_vc_overlay_section][vc_row_inner][vc_column_inner css=&#8221;.vc_custom_1486415780895{padding-top: 5vh !important;padding-bottom: 5vh !important;}&#8221;][vc_column_text css=&#8221;.vc_custom_1730846655774{margin-bottom: 2.19em !important;}&#8221;]<\/p>\n<h1>IMPRESSUM<\/h1>\n<p>[\/vc_column_text][vc_column_text css=&#8221;.vc_custom_1730847356012{margin-bottom: 2.3em !important;}&#8221; el_width=&#8221;550px&#8221;]<\/p>\n<h3>Angaben gem\u00e4\u00df \u00a7 5 TMG<\/h3>\n<p>Hautzentrum Prof. Dr. med. Ulrich R. Hengge<br \/>\nKlosterstr. 30<br \/>\n40211 D\u00fcsseldorf<\/p>\n<p><strong>Vertreten durch:<\/strong><br \/>\nProf. Dr. med. Ulrich R. Hengge<\/p>\n<h3>Kontakt<\/h3>\n<p>Telefon: 0211 &#8211; 301 84 810<br \/>\nTelefax: 0211 &#8211; 301 84 899<br \/>\nE-Mail: info@hautzentrum-hengge.de<\/p>\n<h3>EU-Streitschlichtung<\/h3>\n<p>Die Europ\u00e4ische Kommission stellt eine Plattform zur Online-Streitbeilegung (OS) bereit:\u00a0<a href=\"https:\/\/ec.europa.eu\/consumers\/odr\" target=\"_blank\" rel=\"noopener noreferrer\">https:\/\/ec.europa.eu\/consumers\/odr<\/a>.<br \/>\nUnsere E-Mail-Adresse finden Sie oben im Impressum.<\/p>\n<h3>Verbraucher\u00adstreit\u00adbeilegung Universal\u00adschlichtungs\u00adstelle<\/h3>\n<p>Wir sind nicht bereit oder verpflichtet, an Streitbeilegungsverfahren vor einer Verbraucherschlichtungsstelle teilzunehmen.<\/p>\n<h3>Haftung f\u00fcr Inhalte<\/h3>\n<p>Als Diensteanbieter sind wir gem\u00e4\u00df \u00a7 7 Abs.1 TMG f\u00fcr eigene Inhalte auf diesen Seiten nach den allgemeinen Gesetzen verantwortlich. Nach \u00a7\u00a7 8 bis 10 TMG sind wir als Diensteanbieter jedoch nicht verpflichtet, \u00fcbermittelte oder gespeicherte fremde Informationen zu \u00fcberwachen oder nach Umst\u00e4nden zu forschen, die auf eine rechtswidrige T\u00e4tigkeit hinweisen.<\/p>\n<p>Verpflichtungen zur Entfernung oder Sperrung der Nutzung von Informationen nach den allgemeinen Gesetzen bleiben hiervon unber\u00fchrt. Eine diesbez\u00fcgliche Haftung ist jedoch erst ab dem Zeitpunkt der Kenntnis einer konkreten Rechtsverletzung m\u00f6glich. Bei Bekanntwerden von entsprechenden Rechtsverletzungen werden wir diese Inhalte umgehend entfernen.<\/p>\n<h3>Haftung f\u00fcr Links<\/h3>\n<p>Unser Angebot enth\u00e4lt Links zu externen Websites Dritter, auf deren Inhalte wir keinen Einfluss haben. Deshalb k\u00f6nnen wir f\u00fcr diese fremden Inhalte auch keine Gew\u00e4hr \u00fcbernehmen. F\u00fcr die Inhalte der verlinkten Seiten ist stets der jeweilige Anbieter oder Betreiber der Seiten verantwortlich. Die verlinkten Seiten wurden zum Zeitpunkt der Verlinkung auf m\u00f6gliche Rechtsverst\u00f6\u00dfe \u00fcberpr\u00fcft. Rechtswidrige Inhalte waren zum Zeitpunkt der Verlinkung nicht erkennbar.<\/p>\n<p>Eine permanente inhaltliche Kontrolle der verlinkten Seiten ist jedoch ohne konkrete Anhaltspunkte einer Rechtsverletzung nicht zumutbar. Bei Bekanntwerden von Rechtsverletzungen werden wir derartige Links umgehend entfernen.<\/p>\n<h3>Urheberrecht<\/h3>\n<p>Die durch die Seitenbetreiber erstellten Inhalte und Werke auf diesen Seiten unterliegen dem deutschen Urheberrecht. Die Vervielf\u00e4ltigung, Bearbeitung, Verbreitung und jede Art der Verwertung au\u00dferhalb der Grenzen des Urheberrechtes bed\u00fcrfen der schriftlichen Zustimmung des jeweiligen Autors bzw. Erstellers. Downloads und Kopien dieser Seite sind nur f\u00fcr den privaten, nicht kommerziellen Gebrauch gestattet.<\/p>\n<p>Soweit die Inhalte auf dieser Seite nicht vom Betreiber erstellt wurden, werden die Urheberrechte Dritter beachtet. Insbesondere werden Inhalte Dritter als solche gekennzeichnet. Sollten Sie trotzdem auf eine Urheberrechtsverletzung aufmerksam werden, bitten wir um einen entsprechenden Hinweis. Bei Bekanntwerden von Rechtsverletzungen werden wir derartige Inhalte umgehend entfernen.<\/p>\n<p>&nbsp;<\/p>\n<h2>Bildquellen<\/h2>\n<div class=\"downloads-list__file-title\">Woman with flawless skin posing @ stokkete<\/div>\n<div>\n<div class=\"downloads-list__file-title\">DERMATOLOGY, SYMPTOMATOLOGY, WOMAN @ imagepointfr<\/div>\n<div>\n<div class=\"downloads-list__file-title\">Dermatologist examines a birthmark of patient, close up @ belchonock<br \/>\nRadio wave electrocoagulation mole remove method @ Flydragonfly<br \/>\nWoman touching her skin @ stokkete<\/div>\n<div>\n<div class=\"downloads-list__file-title\">\n<div>\n<div class=\"downloads-list__file-title\">Healthy and sensual girl @ shmeljov<\/div>\n<div>\n<div class=\"downloads-list__file-title\">Cropped view of dermatologist examining hand of woman while holding dermatoscope @ AndrewLozovyi<\/div>\n<div>\n<div class=\"downloads-list__file-title\">Medical staff working at the hospital: doctor and nurse checking a patient\u2019s medical record on a clipboard, healthcare and medical\u00a0 exams concept @ stokkete<\/div>\n<div>\n<div class=\"downloads-list__file-title\">Doctor Examining Skin Of Little Boy @ AndreyPopov<\/div>\n<div>\n<div class=\"downloads-list__file-title\">Skin prick allergy test @ alexraths<\/div>\n<div>\n<div class=\"downloads-list__file-title\">Woman receiving laser treatment @ DmitryPoch<\/div>\n<div>\n<div class=\"downloads-list__file-title\">Varicose veins close up @ starast<\/div>\n<div>\n<div class=\"downloads-list__file-title\">Mesotherapy @ nikolasvn<\/div>\n<div>\n<div class=\"downloads-list__file-title\">Portrait of attractive man with hair concern @ Goodluz<\/div>\n<div>\n<div class=\"downloads-list__file-title\">Closeup men itching and scratching by hand. Psoriasis or eczema on the hand. Atopic allergy skin with red spots. Heath concept @ ternavskaia.o@gmail.com<\/div>\n<div>\n<div class=\"downloads-list__file-title\">Female doctor talking to patient @ pikselstock<\/div>\n<div class=\"downloads-list__file-title\">Psoriasis on the hairline @ Farina6000<\/div>\n<div class=\"downloads-list__file-title\">Atopic dermatitis (AD), also known as atopic eczema, is a type of inflammation of the skin (dermatitis) at foot. @ brest88.mail.ru<\/div>\n<div class=\"downloads-list__file-title\">Closeup of foot with a infected wart placed under toes @ AB_Photostudio<\/div>\n<div class=\"downloads-list__file-title\">Sunrise at Dead Sea, Israel. @ silverjohn<\/div>\n<\/div>\n<\/div>\n<\/div>\n<\/div>\n<\/div>\n<\/div>\n<\/div>\n<\/div>\n<\/div>\n<\/div>\n<\/div>\n<\/div>\n<\/div>\n<\/div>\n<\/div>\n<p>[\/vc_column_text][\/vc_column_inner][\/vc_row_inner][\/grcs_vc_overlay_section][\/grcs_vc_overlay_container][\/vc_column][\/vc_row]<\/p>\n<\/div>","protected":false},"excerpt":{"rendered":"<p>[vc_row][vc_column][grcs_vc_hero_container][vc_row_inner][vc_column_inner][grcs_vc_animated_container enter_animation=&#8221;fadeInDown&#8221; animation_delay=&#8221;500&#8243;][vc_single_image image=&#8221;5019&#8243; img_size=&#8221;full&#8221; alignment=&#8221;center&#8221; css_animation=&#8221;none&#8221; css=&#8221;.vc_custom_1730843183877{margin-bottom: 2.3vmin !important;}&#8221; el_class=&#8221;logo&#8221; el_width=&#8221;27vmax&#8221; el_max_width=&#8221;29vmin&#8221;][\/grcs_vc_animated_container][grcs_vc_animated_container][grcs_vc_text_slider slides=&#8221;%5B%7B%22slide_text%22%3A%22HAUTAERZTE%3Cspan%3E-%3C%2Fspan%3EHENGGE%3Cbr%3EDERMATOLOGIE%22%7D%5D&#8221; disable_mouse_control=&#8221;yes&#8221; css=&#8221;.vc_custom_1730842601428{margin-bottom: 3.69em !important;}&#8221;][\/grcs_vc_animated_container][grcs_vc_animated_container][vc_column_text css=&#8221;.vc_custom_1730842233870{margin-bottom: 4.3em !important;}&#8221; el_class=&#8221;grcs_subline&#8221;]UNSERE WEBSITE BEFINDET SICH IM AUFBAU[\/vc_column_text][\/grcs_vc_animated_container][grcs_vc_animated_container][grcs_vc_open_overlay][\/grcs_vc_animated_container][\/vc_column_inner][\/vc_row_inner][\/grcs_vc_hero_container][grcs_vc_overlay_container bullet_nav=&#8221;yes&#8221; animation=&#8221;slide-from-bottom&#8221;][grcs_vc_overlay_section][vc_row_inner][vc_column_inner css=&#8221;.vc_custom_1486415771672{padding-top: 5vh !important;padding-bottom: 5vh !important;}&#8221;][vc_column_text css=&#8221;.vc_custom_1730846307137{margin-bottom: 2.3em !important;}&#8221;] Herzlich Willkommen in unserer Hautpraxis [\/vc_column_text][vc_column_text css=&#8221;.vc_custom_1730846337752{margin-bottom: 2.3em !important;}&#8221;] Die Gesundheit Ihrer Haut [\/vc_column_text][vc_column_text css=&#8221;.vc_custom_1730846396902{margin-bottom: 2.92em !important;}&#8221; el_width=&#8221;600px&#8221;]Herzlich [&hellip;]<\/p>\n","protected":false},"author":1,"featured_media":0,"parent":0,"menu_order":0,"comment_status":"closed","ping_status":"closed","template":"template-coming-soon.php","meta":{"footnotes":""},"class_list":["post-5022","page","type-page","status-publish","hentry"],"_links":{"self":[{"href":"https:\/\/www.hautaerzte-hengge.de\/index.php\/wp-json\/wp\/v2\/pages\/5022"}],"collection":[{"href":"https:\/\/www.hautaerzte-hengge.de\/index.php\/wp-json\/wp\/v2\/pages"}],"about":[{"href":"https:\/\/www.hautaerzte-hengge.de\/index.php\/wp-json\/wp\/v2\/types\/page"}],"author":[{"embeddable":true,"href":"https:\/\/www.hautaerzte-hengge.de\/index.php\/wp-json\/wp\/v2\/users\/1"}],"replies":[{"embeddable":true,"href":"https:\/\/www.hautaerzte-hengge.de\/index.php\/wp-json\/wp\/v2\/comments?post=5022"}],"version-history":[{"count":11,"href":"https:\/\/www.hautaerzte-hengge.de\/index.php\/wp-json\/wp\/v2\/pages\/5022\/revisions"}],"predecessor-version":[{"id":5038,"href":"https:\/\/www.hautaerzte-hengge.de\/index.php\/wp-json\/wp\/v2\/pages\/5022\/revisions\/5038"}],"wp:attachment":[{"href":"https:\/\/www.hautaerzte-hengge.de\/index.php\/wp-json\/wp\/v2\/media?parent=5022"}],"curies":[{"name":"wp","href":"https:\/\/api.w.org\/{rel}","templated":true}]}}